. What is the units digit of n?
1
What is the units digit of ((-2)/(-3))/(10/255)?
7
What is the tens digit of (11/(-4) + 4)/((-2)/(-104))?
6
Let g(f) be the second derivative of f**4/12 + f. Let x be g(-3). What is the units digit of ((-3)/x)/(2/(-18))?
3
Let m = -31 - -44. Suppose -4*j + m = -a + 43, a + j - 5 = 0. What is the tens digit of a?
1
Suppose -5*o = 12 - 72. What is the tens digit of o?
1
Let j = -153 + 260. What is the tens digit of j?
0
Let d be ((-8)/(-10))/(6/15). Suppose 0*g - 175 = -5*g. What is the units digit of d/7 - (-235)/g?
7
Let u be 21/49 + 8/14. Let m(k) = 44*k**3 - 2*k**2 + 1. What is the units digit of m(u)?
3
Let h = 7 - 2. Let n = h - -7. What is the units digit of n?
2
Let v(y) = -y**3 + 4*y**2 + 2. Let x be v(4). Suppose -3*r - 11 = -x*g, -2*g + 10 = -r - 3*r. What is the units digit of g?
7
Let a(i) = 3*i + 86. What is the tens digit of a(0)?
8
Let h(j) = -3*j + 11. Let z(c) = c + 1. Let v(t) = -h(t) - 5*z(t). What is the units digit of v(-12)?
8
Let p = 67 + -32. What is the units digit of p?
5
Suppose 3*n + 2*h = 391, h + 0*h - 2 = 0. What is the hundreds digit of n?
1
Let f(n) = 2*n + 2. What is the tens digit of f(9)?
2
Suppose 2*t + 3*t - 95 = 0. What is the tens digit of t?
1
Let p = -237 - -416. What is the units digit of p?
9
Let m(u) = -u - 4. Let n(k) = -k**2 + 3*k - 1. Let o be n(4). What is the units digit of m(o)?
1
Suppose -4*w = -2*q - 2*q + 128, 5*q - 3*w - 154 = 0. Let o = -18 + q. What is the tens digit of o?
1
What is the units digit of (0 - -8)/(8/16)?
6
Let q(u) = -2*u**3 - 7*u**2 + 2*u + 10. What is the hundreds digit of q(-6)?
1
Let d = -16 - -13. What is the units digit of 9/d + 18 + -3?
2
Suppose -v - 2*v - y = -141, -y + 233 = 5*v. What is the units digit of v?
6
Let h(n) = -26*n + 28. What is the tens digit of h(-8)?
3
Let g(v) = 3*v + 39. What is the units digit of g(-12)?
3
Let b = -70 + 170. What is the tens digit of b?
0
Let t(k) = 5 - 1 - 3 + 15*k**2. What is the tens digit of t(1)?
1
Suppose 0*z = z + 10. Let r = 23 + z. Let d = -5 + r. What is the units digit of d?
8
Suppose -2*d = d - 12. Suppose 7 = 4*b - 4*k - 25, 5*b - d*k = 41. What is the units digit of (-48)/b*6/(-4)?
8
Let g = 7 - 5. What is the units digit of (2 - -2) + g + -2?
4
Let b be (-30)/(-7) - (-2)/(-7). Suppose -b*o + o + 39 = 0. What is the units digit of o?
3
Let v be (-4)/(-6)*6/4. What is the units digit of 150/5*v/2?
5
Let g = -9 + 15. Suppose 4*j - 50 = 5*f, 2*f - g = -j - 0*j. Let o = 14 - j. What is the units digit of o?
4
What is the tens digit of (-76)/(-7) - (-12)/84?
1
Suppose 3*x + 8 = 2*j, 28 - 8 = 5*j + 3*x. Let g be (-30)/9 - j/6. What is the tens digit of (-2)/((g/(-14))/(-2))?
1
What is the units digit of (4/12)/((-3)/(-63))?
7
Let s(o) = o + 10. Let q be s(-7). Suppose 0*v + 4*j + 14 = 3*v, -q*j - 27 = -5*v. What is the units digit of v?
6
Let w be (-6)/5*10/(-4). Suppose -i + 28 = w*i. Suppose i + 26 = 3*y. What is the units digit of y?
1
Let v(o) = o**3 - 4*o**2 + 7*o - 4. Suppose 5*d - 13 - 7 = 0. What is the tens digit of v(d)?
2
Let q(u) be the first derivative of -5*u**2/2 - 4*u - 6. What is the units digit of q(-3)?
1
Let u(o) = -o. Let i be u(2). What is the tens digit of (-69)/(-5) - i/10?
1
Let s be (-1 - 2)/((-6)/8). Let n = s - -1. What is the units digit of n?
5
Suppose 0 = -5*g - 4*v + 780, -5*v = 5*g + 328 - 1103. What is the units digit of g?
0
Let o(g) = -2*g**3 - g**2 + 3*g + 8. What is the tens digit of o(-4)?
0
Let r(l) = l**3 - 4*l**2 + 5*l - 5. Let c = 12 - 17. Let w = c + 9. What is the units digit of r(w)?
5
Let d(b) = 3*b**2 + 5*b + 6. What is the units digit of d(-5)?
6
Let n(v) = 2*v. Let b be 2*3/(-6) + 3. What is the units digit of n(b)?
4
Let r be (6/5)/((-6)/(-100)). Suppose -8*f = -3*f + r, 2*g - 28 = 5*f. Suppose -5*a - g*k + 35 - 6 = 0, -2*a + k = -9. What is the units digit of a?
5
Let u(s) = 3 - 4 + 0 + 6*s**2. What is the tens digit of u(2)?
2
Let w(r) = -6*r + 9. Let h(x) = -11*x + 17. Let v(y) = 4*h(y) - 7*w(y). What is the tens digit of v(-5)?
1
Let t = 6 - 2. Suppose 2*o - 22 = 4*b, -92 = -4*o - 0*o - t*b. What is the units digit of o?
9
Suppose 14 = 2*b - 0*b. What is the units digit of b?
7
Suppose -379 = -5*u + 461. What is the units digit of u?
8
Let u(q) = q**2 - 3*q + 3. Let i be u(4). Suppose -93 = 5*d + m, -2*d - 4*m - 14 = 16. What is the tens digit of (i + d)/(6/(-8))?
1
Let z be (-3 + 12/5)*-5. Suppose z*b - 4*f = 42, 4*b - f + 3 - 46 = 0. What is the units digit of (12/5)/(4/b)?
6
Suppose -5*j + b + b = -19, -14 = -4*j + b. Suppose j*m - 10 = m. What is the units digit of m?
5
Let a = 121 + -93. What is the tens digit of a?
2
Let k(j) = -j. What is the tens digit of k(-14)?
1
Let n be ((-6)/1)/(-5 + 3). Suppose -34 = -n*w + 2. What is the units digit of w?
2
Suppose -2*s - 2 = -s. Let c be (-3)/2*8/(-3). Let l = s + c. What is the units digit of l?
2
Let u(j) = -4*j - 5*j + 1 + j**2 - j. Let i be u(9). Let o = 0 - i. What is the units digit of o?
8
Let p(k) = 5*k**3 + 3*k**2 - k - 1. What is the tens digit of p(2)?
4
Suppose 0 = u - 7*u + 276. What is the tens digit of u?
4
Suppose -7 - 8 = -5*b. Suppose -b*r + 12 = r. What is the units digit of r?
3
Suppose 6*s + 80 = 4*p + 2*s, p + 5*s = 2. What is the units digit of p?
7
Suppose 3*g - z - 18 = -2*g, 4*g = -z + 18. What is the units digit of (g/(-10))/((-4)/120)?
2
Suppose 5*l - 555 - 75 = 0. What is the units digit of l?
6
Let l(v) = -21*v. What is the tens digit of l(-3)?
6
Let b = 142 + -101. What is the tens digit of b?
4
Let m = 339 + -114. What is the tens digit of m?
2
Let i(b) = 46*b**3 + b. Let w be i(-1). Let m = -21 - w. What is the units digit of m?
6
Suppose -1 = -4*w - 5. Let u = w + 5. Let c = u - -1. What is the units digit of c?
5
Suppose 9 = 4*l - 15. Let a(q) = q**2 - 3*q + 4. Let y be a(3). Let h = l - y. What is the units digit of h?
2
Let c(v) = -54*v**3 - v**2 - v. Let z(s) = -s**3 - s**2 + 2*s - 1. Let w be z(-2). What is the tens digit of c(w)?
5
Let h = 7 - 2. Suppose 3*f - 30 = h*i, -2*f - 3*i + 2 = 1. Let g = 11 - f. What is the units digit of g?
6
Let k(j) = j**3 - 9*j**2 + j - 9. Let g be k(9). What is the units digit of (g - -2)/((-2)/(-13))?
3
Let q be (1 + 4)*6/(-15). Let y(c) = -8*c - 3. Let r be y(q). Suppose -z + 11 = 4*d, -3*d + z = -3*z - r. What is the units digit of d?
3
What is the tens digit of -1 + (-32)/(-1) - -3?
3
Suppose l + 46 = 2*r + 5, l + 85 = 4*r. Let d = r - 11. Suppose 0 = -4*n - 4*a + d + 33, 2*a - 8 = 0. What is the units digit of n?
7
Let o(r) be the first derivative of r**3/3 - 3*r**2 + 3*r - 1. Let y be o(3). What is the units digit of (-2)/((16/y)/4)?
3
Suppose -50 = -5*j - 2*a, 0 = 3*j - a + 6*a - 49. Suppose 2*i = -2 + j. Suppose i*q - 5*q + 42 = 0. What is the units digit of q?
1
Suppose 0*m = h - 2*m - 13, -4*h + 5*m = -58. What is the units digit of h?
7
Suppose -3*v + 116 = -7*v. Let b = v - -56. What is the tens digit of b?
2
Suppose -4*c = -4*t - 17 - 43, 3*c + 5*t - 85 = 0. What is the units digit of c?
0
Suppose -4*v = -8*v + 356. What is the tens digit of v?
8
Let v = -1 + 3. Let p(s) = -s**3 - 3*s**v - 2*s**3 + 2*s**3 - 3*s. What is the units digit of p(-2)?
2
Let p = -24 + 40. What is the units digit of p?
6
What is the units digit of 1*15*5/15?
5
Let v be ((0/2)/(-3))/1. Suppose 2*j + v*j = 0. Let w = 7 - j. What is the units digit of w?
7
Let f(q) = -39*q. Let m be f(-1). What is the units digit of -1*m/6*-2?
3
Let s be -3 + (-1 - -1 - 5). Let y = s + 14. What is the units digit of y?
6
Suppose 0 = u - 50 + 2. What is the tens digit of u?
4
Let h(c) = -2*c. Let n = 8 - 16. What is the units digit of h(n)?
6
Let i be (2 - 1)*3 - -13. Suppose -4*a + 4*s + 56 = 0, -3*a + 2*a = -3*s - i. What is the tens digit of a?
1
Let l = -11 + 65. What is the units digit of 282/l - (-4)/(-18)?
5
Let p(o) = -o + 12. What is the units digit of p(-6)?
8
Let u(b) = b**3 - 3*b**2 + 3*b. Let k be (3/(-6))/(1/(-14)). Suppose -y + 2*c = k*c - 3, -5*c = 2*y - 6. What is the units digit of u(y)?
9
Let s(g) = -2*g - g + 4*g. Let i be s(3). Let t(h) = h**3 - 3*h**2 + 2*h - 1. What is the units digit of t(i)?
5
Suppose -8*t + 160 = -4*t. Suppose 3*r + r = t. What is the tens digit of r?
1
Let t = -13 + 26. Suppose 0 = 5*y - 2 - t. What